{"id":6,"date":"2002-10-23T15:22:57","date_gmt":"2002-10-23T19:22:57","guid":{"rendered":"https:\/\/www.bumc.bu.edu\/centenario\/studies\/"},"modified":"2025-10-14T14:21:16","modified_gmt":"2025-10-14T18:21:16","slug":"estudios","status":"publish","type":"page","link":"https:\/\/www.bumc.bu.edu\/centenario\/estudios\/","title":{"rendered":"Estudios financiados en la actualidad"},"content":{"rendered":"<h6><span style=\"color: #ff0000;\">For English, click <a href=\"https:\/\/www.bumc.bu.edu\/centenarian\/studies\/\"><span style=\"color: #0000ff;\">HERE<\/span><\/a><\/span><\/h6>\n<p>El Estudio de Centenarios de Nueva Inglaterra supervisa cuatro estudios de longevidad excepcional que est\u00e1n financiados por el Instituto Nacional sobre Envejecimiento (National Institute on Aging, NIA), una instituci\u00f3n de los Institutos Nacionales de la Salud (National Institutes of Health, NIH):<\/p>\n<p><strong><img loading=\"lazy\" src=\"\/centenario\/files\/2022\/11\/LLFS-265x300.png\" alt=\"\" width=\"132\" height=\"150\" class=\"alignnone wp-image-1021\" srcset=\"https:\/\/www.bumc.bu.edu\/centenario\/files\/2022\/11\/LLFS-265x300.png 265w, https:\/\/www.bumc.bu.edu\/centenario\/files\/2022\/11\/LLFS.png 355w\" sizes=\"(max-width: 132px) 100vw, 132px\" \/><br \/>\n<\/strong><\/p>\n<p><strong>Centro de estudios de Boston University del<\/strong><span><strong>\u00a0<\/strong><\/span><a href=\"https:\/\/longlifefamilystudy.wustl.edu\/\"><strong>Estudio Familiar de Larga Vida (LLFS)<\/strong><\/a><br \/>\nEl Estudio Familiar de Larga Vida se cre\u00f3 en funci\u00f3n de estudios que demostraron que la longevidad excepcional es es m\u00e1s com\u00fan dentro de la misma familia. Entre 2006 y 2009, se inscribieron alrededor de 550 familias conformadas por unas 5,500 personas a quienes, desde entonces, se les realiza un seguimiento para obtener datos cl\u00ednicos y otra informaci\u00f3n, as\u00ed como tambi\u00e9n para obtener muestras de sangre con el fin de generar datos gen\u00e9ticos, proteicos y metab\u00f3licos.<\/p>\n<p>Nuestro centro de estudios de Boston University es uno de los cuatro centros que recopila estos datos y estas muestras. Los otros tres centros tienen sede en Columbia University, University of Pittsburgh y University of Southern Denmark. Las cuatro instituciones est\u00e1n coordinadas por un centro principal en Washington University (St.\u00a0Louis).<\/p>\n<p><img loading=\"lazy\" src=\"\/centenario\/files\/2022\/11\/Longevity-Omics-01-584x300.png\" alt=\"\" width=\"292\" height=\"150\" class=\"alignnone wp-image-1025\" srcset=\"https:\/\/www.bumc.bu.edu\/centenario\/files\/2022\/11\/Longevity-Omics-01-584x300.png 584w, https:\/\/www.bumc.bu.edu\/centenario\/files\/2022\/11\/Longevity-Omics-01-1024x526.png 1024w, https:\/\/www.bumc.bu.edu\/centenario\/files\/2022\/11\/Longevity-Omics-01-768x395.png 768w, https:\/\/www.bumc.bu.edu\/centenario\/files\/2022\/11\/Longevity-Omics-01-1536x790.png 1536w, https:\/\/www.bumc.bu.edu\/centenario\/files\/2022\/11\/Longevity-Omics-01-2048x1053.png 2048w\" sizes=\"(max-width: 292px) 100vw, 292px\" \/><\/p>\n<p><a href=\"https:\/\/longevityomics.org\/\"><strong>Estudio Omics Integrativas de Longevidad (ILO)<\/strong><\/a><br \/>\nEl estudio ILO financiado por NIA\/NIH tiene como finalidad inscribir a 1,400 nuevos participantes centenarios y a sus hijos. Realizamos evaluaciones cuidadosas y detalladas de la funci\u00f3n cognitiva a trav\u00e9s de videollamadas para hacer pruebas sobre la enfermedad de Alzheimer y otras demencias relacionadas con el envejecimiento (que estas personas tienden a retrasar e incluso escapar) y para obtener informaci\u00f3n sobre antecedentes familiares de longevidad y antecedentes m\u00e9dicos. Solicitamos una muestra de sangre para generar una amplia gama de datos proteicos, metab\u00f3licos y gen\u00e9ticos y una muestra de materia fecal para estudiar de qu\u00e9 manera unos tipos determinados de bacterias intestinales favorecen el envejecimiento saludable.<\/p>\n<p>El laboratorio de<span>\u00a0<\/span><a href=\"https:\/\/medicine.tufts.edu\/people\/faculty\/albert-tai\">Albert Tai, PhD<\/a><span>\u00a0<\/span>en<span>\u00a0la Escuela de Medicina de la Universidad <\/span>\u00a0genera datos sobre el microbioma (metagen\u00f3mica de escopeta) y la expresi\u00f3n gen\u00e9tica. Esta gran cantidad de datos \u00f3micos se administra y analiza en el<span>\u00a0<\/span><a href=\"https:\/\/www.bumc.bu.edu\/compbiomed\/labs\/monti\/\">laboratorio de biomedicina computacional de Stefano Monti, PhD<\/a><span>\u00a0<\/span>en Boston University y en el<span>\u00a0<\/span><a href=\"https:\/\/www.tuftsmedicalcenter.org\/research-clinical-trials\/institutes-centers-labs\/institute-for-clinical-research-and-health-policy-studies\/research-programs\/center-for-quantitative-methods-and-data-science\">Center for Quantitative Methods and Data Science<\/a><span>\u00a0<\/span>de Paola Sebastiani en el Centro M\u00e9dico Tufts. El<span>\u00a0<\/span><a href=\"https:\/\/www.bu.edu\/segrelab\/\">laboratorio de Daniel Segr\u00e8<\/a><span>\u00a0<\/span>en Boston University analiza y anota los datos del microbioma. Adem\u00e1s, se obtiene una muestra de sangre, la cual se proporciona al<span>\u00a0<\/span><a href=\"https:\/\/crem.bu.edu\/\">Centro de Medicina Regenerativa (CReM)<\/a><span>\u00a0<\/span>de Boston University y al<span>\u00a0<\/span><a href=\"http:\/\/murphylaboratory.com\/\">laboratorio del Dr. George Murphy<\/a><span>\u00a0<\/span>para crear c\u00e9lulas madre inducidas y pluripotentes que se puedan transformar en c\u00e9lulas de tipos de tejidos espec\u00edficos, como el del cerebro, los m\u00fasculos y la piel. Luego, se pueden utilizar para estudiar de qu\u00e9 manera las c\u00e9lulas de los centenarios pueden envejecer tan lentamente y ser tan resilientes contra el envejecimiento y las enfermedades relacionadas.<\/p>\n<p>Estas iniciativas se complementan con estudios moleculares similares en modelos animales de longevidad excepcional, como la rata topo desnuda que tiene un ciclo de vida de 30 a\u00f1os (10 veces m\u00e1s que los ratones). Este trabajo de comparativa de especies est\u00e1 dirigido por<span>\u00a0<\/span><a href=\"http:\/\/www.sas.rochester.edu\/bio\/labs\/Gorbunova\/\">Vera Gorbunova, PhD<\/a><span>\u00a0<\/span>en la University of Rochester.<\/p>\n<p>&nbsp;<\/p>\n<p><img loading=\"lazy\" src=\"\/centenario\/files\/2024\/04\/LCCP-154x300.jpg\" alt=\"\" width=\"154\" height=\"300\" class=\"alignnone wp-image-1716 size-medium\" srcset=\"https:\/\/www.bumc.bu.edu\/centenario\/files\/2024\/04\/LCCP-154x300.jpg 154w, https:\/\/www.bumc.bu.edu\/centenario\/files\/2024\/04\/LCCP.jpg 329w\" sizes=\"(max-width: 154px) 100vw, 154px\" \/><\/p>\n<p><a href=\"https:\/\/www.longevityconsortium.org\/projects-cores\/projects\/centenarian\"><span><strong>Proyecto de Centenarios del Consorcio de Longevidad (Longevity Consortium)\u00a0<\/strong><\/span><\/a><a href=\"https:\/\/www.longevityconsortium.org\/projects-cores\/projects\/centenarian\"><strong>(LCCP)<\/strong><\/a><br \/>\nEl LCCP financiado por el NIA\/NIH<span>\u00a0<\/span>busca inscribir a 450 centenarios y sus hijos para recopilar datos cl\u00ednicos y dem\u00e1s informaci\u00f3n similar a la obtenida en los estudios ILO y LLFS de modo que, con el tiempo, estos datos de distintos estudios se puedan combinar y comparar sin importar la forma en que se recopilaron. Se obtienen muestras de sangre y materia fecal para generar datos proteicos, metab\u00f3licos, gen\u00e9ticos y de microbioma (bacterias intestinales) para otros proyectos realizados por los investigadores del<span>\u00a0<\/span><a href=\"https:\/\/www.longevityconsortium.org\/\">Longevity Consortium<\/a>.<\/p>\n<p>Al igual que el ILO, el LCCP tambi\u00e9n incluye un componente de comparativa de especies, de modo que se puedan comparar datos de estudios en seres humanos y animales. La intenci\u00f3n es que ambos enfoques del estudio de longevidad excepcional informen el uno al otro sobre variantes gen\u00e9ticas espec\u00edficas y biol\u00f3gicas que justifiquen un estudio adicional.<\/p>\n<p><img loading=\"lazy\" src=\"\/centenario\/files\/2023\/06\/RADCO_color.png\" alt=\"\" width=\"265\" height=\"150\" class=\"alignnone wp-image-1371\" \/><\/p>\n<p><a href=\"https:\/\/reporter.nih.gov\/search\/c_adk1gA8UqO825VE7rO8A\/project-details\/10491907\"><strong>Resiliencia\/Resistencia Contra la Enfermedad de Alzheimer en Centenarios y sus Hijos (RADCO)<\/strong><\/a><br \/>\nEl estudio RADCO, tambi\u00e9n financiado por el NIH\/NIA, estudia espec\u00edficamente a los centenarios y sus hijos con el mismo nivel de funci\u00f3n cognitiva que las personas treinta a\u00f1os m\u00e1s j\u00f3venes que ellos. A estas personas se las denomina superancianos cognitivos. Adem\u00e1s de obtener todos los datos recopilados por los estudios ILO y LCCP, los participantes del RADCO se pueden someter a una MRI vanguardista y a an\u00e1lisis de sangre en busca de marcadores biol\u00f3gicos de la enfermedad de Alzheimer y otros procesos neurodegenerativos; tambi\u00e9n se les pide permiso para que donen su cerebro para la realizaci\u00f3n de diversos estudios moleculares y biol\u00f3gicos.<\/p>\n<p>El RADCO est\u00e1 dirigido por los Dres. Andersen y Perls, adem\u00e1s de<span>\u00a0<\/span><a href=\"https:\/\/www.semel.ucla.edu\/profile\/susan-bookheimer-phd\">Susan Bookheimer, PhD<\/a><span>\u00a0<\/span>de la UCLA. Las instituciones del estudio para la selecci\u00f3n de participantes y la recopilaci\u00f3n de datos son Boston University (Perls y Andersen), Albert Einstein College of Medicine (<a href=\"https:\/\/www.einsteinmed.edu\/faculty\/12865\/sofiya-milman\/\">Sofiya Milman, MD, MS<\/a>), Georgia State University (<a href=\"https:\/\/cas.gsu.edu\/profile\/vonetta-dotson\/\">Vonetta Dotson, PhD<\/a>) y la UCLA (<a href=\"https:\/\/profiles.ucla.edu\/mirella.diaz-santos\">Mirella Diaz-Santos, PhD<\/a>). Nuestros centros de MRI se encuentran en Massachusetts General Hospital (<a href=\"https:\/\/www.martinos.org\/investigator\/david-salat\/\">David Salat, PhD<\/a>), Georgia State University (<a href=\"https:\/\/cas.gsu.edu\/profile\/vince-calhoun\/\">Vince Calhoun, PhD<\/a>), UCLA (<a href=\"https:\/\/profiles.ucla.edu\/robert.welsh\">Robert Welsh, PhD<\/a>) y Columbia University (<a href=\"https:\/\/mr.research.columbia.edu\/content\/adam-m-brickman\">Adam Brickman, PhD<\/a>). <a href=\"https:\/\/easton-test.healthsciences.ucla.edu\/people\/shino-magaki\">Shino Magaki MD, PhD<\/a> dirige nuestra iniciativa de neuropatolog\u00eda<span>\u00a0<\/span>en UCLA.<\/p>\n<p>Los esfuerzos por la obtenci\u00f3n de datos y muestras biol\u00f3gicas apoyan a dos proyectos con el objetivo cient\u00edfico general de evaluar la resiliencia cognitiva entre los participantes de nuestro estudio, comprender la biolog\u00eda protectora que se encuentra detr\u00e1s y convertirla en posibles estrategias de prevenci\u00f3n y medicamentos. El Proyecto de Fenotipos de Resiliencia y Resistencia Cognitiva (Proyecto\u00a01) compara la funci\u00f3n cognitiva de un participante (Andersen,<span>\u00a0<\/span><a href=\"https:\/\/www.massgeneral.org\/doctors\/17354\/brad-dickerson\">Brad Dickerson, MD<\/a>) con los resultados de su neuroimagen, biomarcadores plasm\u00e1ticos de la enfermedad de Alzheimer (AD) y neuropatolog\u00eda para evaluar su resiliencia a distintos indicadores de la enfermedad de Alzheimer y otras causas de demencia. El Proyecto de Mecanismos y Factores Protectores (Proyecto\u00a02) es el grupo de traducci\u00f3n del RADCO; dirigido por<span>\u00a0<\/span><a href=\"https:\/\/researchers.mgh.harvard.edu\/profile\/574449\/Doo-Yeon-Kim\">Doo Yeon Kim, PhD<\/a>,<span>\u00a0<\/span><a href=\"https:\/\/researchers.mgh.harvard.edu\/profile\/3824747\/Rudolph-Tanzi\">Rudy Tanzi, PhD<\/a>,<span>\u00a0<\/span><a href=\"https:\/\/connects.catalyst.harvard.edu\/Profiles\/display\/Person\/155694\">Dmitry Prokopenko, PhD<\/a><span>\u00a0<\/span>y<span>\u00a0<\/span><a href=\"https:\/\/www.bidmc.org\/research\/research-by-department\/pathology\/laboratories\/winston-hide-lab\">Winston Hide,\u00a0PhD<\/a>, el proyecto descubre genes, procesos biol\u00f3gicos candidatos y una serie de reguladores de micro-ARN relacionados con los endofenotipos de resiliencia caracterizados en el Proyecto\u00a01. Los modelos in-vitro de la AD incorporan neuronas corticales, c\u00e9lulas microgliales y astrocitos creados a partir de l\u00edneas de c\u00e9lulas madre pluripotentes inducidas (IPSC) de centenarios superancianos cognitivos creados por el<span>\u00a0<\/span><a href=\"https:\/\/murphylaboratory.com\/\">laboratorio de George Murphy<\/a><span>\u00a0<\/span>en el Centro de Medicina Regenerativa de Boston University, son usados para evaluar de qu\u00e9 manera las v\u00edas candidatas pueden causar resiliencia contra la enfermedad de Alzheimer.<\/p>\n","protected":false},"excerpt":{"rendered":"<p>For English, click HERE El Estudio de Centenarios de Nueva Inglaterra supervisa cuatro estudios de longevidad excepcional que est\u00e1n financiados por el Instituto Nacional sobre Envejecimiento (National Institute on Aging, NIA), una instituci\u00f3n de los Institutos Nacionales de la Salud (National Institutes of Health, NIH): Centro de estudios de Boston University del\u00a0Estudio Familiar de Larga [&hellip;]<\/p>\n","protected":false},"author":2,"featured_media":0,"parent":0,"menu_order":3,"comment_status":"closed","ping_status":"closed","template":"","meta":[],"_links":{"self":[{"href":"https:\/\/www.bumc.bu.edu\/centenario\/wp-json\/wp\/v2\/pages\/6"}],"collection":[{"href":"https:\/\/www.bumc.bu.edu\/centenario\/wp-json\/wp\/v2\/pages"}],"about":[{"href":"https:\/\/www.bumc.bu.edu\/centenario\/wp-json\/wp\/v2\/types\/page"}],"author":[{"embeddable":true,"href":"https:\/\/www.bumc.bu.edu\/centenario\/wp-json\/wp\/v2\/users\/2"}],"replies":[{"embeddable":true,"href":"https:\/\/www.bumc.bu.edu\/centenario\/wp-json\/wp\/v2\/comments?post=6"}],"version-history":[{"count":21,"href":"https:\/\/www.bumc.bu.edu\/centenario\/wp-json\/wp\/v2\/pages\/6\/revisions"}],"predecessor-version":[{"id":1718,"href":"https:\/\/www.bumc.bu.edu\/centenario\/wp-json\/wp\/v2\/pages\/6\/revisions\/1718"}],"wp:attachment":[{"href":"https:\/\/www.bumc.bu.edu\/centenario\/wp-json\/wp\/v2\/media?parent=6"}],"curies":[{"name":"wp","href":"https:\/\/api.w.org\/{rel}","templated":true}]}}